t b(g) be the third derivative of 27*g**2 + 0 + 0*g + 1/10*g**5 - 1/8*g**4 + 13/6*g**3. What is the tens digit of b(-4)?
2
Let j = -161 - -255. Suppose 2*g - y + j - 366 = 0, 0 = -4*g - 3*y + 544. What is the units digit of g?
6
Let u(r) = 331*r + 13. Let h be u(-2). Let g = 1987 + h. What is the hundreds digit of g?
3
What is the tens digit of (-1)/((-12)/(-128688)*-7)?
3
Let y = -445 - -3669. What is the tens digit of y?
2
Suppose 2 = 2*h, -4*u - 2*h - h - 21 = 0. Let q be (-19)/2*(-5 + u/(-2)). Let z(s) = s**3 - 21*s**2 + 38*s + 4. What is the units digit of z(q)?
4
Suppose -22*p + 17449 = -5*p + 2319. What is the hundreds digit of p?
8
Let d = -53 + 56. Let v be (22/(-6))/(d/(-9)) - 3. What is the tens digit of ((-14)/v + 2)*164 + 0?
4
Suppose 240*x - 181740 = 225*x. What is the thousands digit of x?
2
Let y(w) = 4*w**2 + 22*w + 18. Let i be y(-5). Let n(f) = 58*f + 69. What is the units digit of n(i)?
3
Let o = 542 - -237. What is the units digit of ((-14)/7 - -9) + o?
6
Let p(r) be the second derivative of -r**4/3 + r**3/3 - 13*r**2/2 + 4*r. Let h be p(7). Let z = 5 - h. What is the units digit of z?
0
Let g(j) = -154*j - 11. Let w be g(-4). Let o = 1171 - w. What is the tens digit of o?
6
Let w(o) = -o**3 - 19*o**2 - 79*o + 32. Let i be w(-16). Let f = 929 - i. What is the tens digit of f?
0
Let q(l) = -2*l**2 + 55*l + 71. Let r be q(32). What is the units digit of 1164/7 - (-62)/r?
6
Suppose 5*n - 51 = 3*g, -6*g = 3*n - 2*g - 19. Let i(x) = 2*x**3 - 10*x**2 - 5*x + 5. What is the units digit of i(n)?
8
Let l(k) = 2089*k**2 - 136*k + 444. What is the ten thousands digit of l(4)?
3
Let h(b) = -175*b**2 - 3*b + 60042. What is the units digit of h(0)?
2
Suppose -2*h = -n + 10559, 0*h = h - n + 5279. What is the units digit of h/(-64) - 1/(-2)?
3
Let y(a) = a**3 + 6*a**2 + 6*a + 8. Let z be y(-5). Suppose -z*h + 2160 + 366 = 0. What is the hundreds digit of h?
8
Let k(d) = -8*d**2 + 6 - 4*d + 11*d**2 - 2*d. Let f be k(-5). Let i = -54 + f. What is the units digit of i?
7
Suppose -67*s = 62*s - 12771. What is the tens digit of s?
9
Let z be 18000/270 - (-2)/6. Suppose 0 = 4*k - 5*w - 441, -62 - z = -k + 5*w. What is the hundreds digit of k?
1
Let v(n) = 260*n**3 - 3*n**2 + n. Let p be v(1). Let i = p - 91. What is the tens digit of i?
6
Let n = 19 - 64. What is the tens digit of -1 + 9/(n/(-560))?
1
Let m(y) = 567*y - 1367. What is the hundreds digit of m(62)?
7
Let j(n) = 441*n - 8. Suppose 5*p - 15 = 5*q, -p = -4*q + 4*p - 16. What is the units digit of j(q)?
3
Let y(f) = -2*f**2 - 5*f - 7. Let u be y(-7). Let x be u/7*(-1 - -2). What is the tens digit of x/(-4)*-10*-1?
2
Suppose 285*o - 284*o - 4 = 0. What is the hundreds digit of 563/o + (-1)/(-4 - 0)?
1
Suppose 0 = 3*x - b - 3592, 2392 = 3*x - x + 2*b. What is the tens digit of 5/(5/(-6))*x/(-14)?
1
What is the tens digit of (-312)/16*3346/(-21)?
0
Let b = -6299 + 6621. What is the units digit of b?
2
Let q = -540 + 556. Suppose 15*z + q*z - 2449 = 0. What is the units digit of z?
9
Suppose -3*f = -4*f - 15. Let y be (-582)/f + 3/15. Suppose -4*t = -573 - y. What is the hundreds digit of t?
1
Suppose -24 = -2*q - n - 22, 0 = n. What is the units digit of 80 - -649 - (-6)/(q - 3)?
6
Let l = 484 + -333. Suppose -6*b + l = 463. Let g = b - -177. What is the hundreds digit of g?
1
Let n = 683 + -366. Suppose -15*d + 1562 = n. What is the tens digit of d?
8
Let h be ((-7)/((-49)/(-7)))/(2/(-6)). Suppose -h*v + 8*v = 4*z - 171, -3*z - 4*v = -167. What is the tens digit of z?
4
Let v(n) = 4*n - 36. Let a be v(9). Let z(l) = l**2 - l + 8. Let i be z(a). What is the hundreds digit of (-3 + 260/i)*4?
1
Let x = -84 - -107. Suppose -6*y - x - 55 = 0. Let g = 140 - y. What is the units digit of g?
3
Let z be 2/(12/348 - 0). Let r(b) = 8*b**2 - b + 4. Let j be r(-3). Let c = j - z. What is the tens digit of c?
2
Suppose 157*l = -2*a + 161*l + 39690, 0 = 3*l - 24. What is the units digit of a?
1
Suppose 224*r - 361114 - 1351040 - 337446 = 0. What is the units digit of r?
0
Let b(y) = 2426*y**2 + 18*y + 5. What is the thousands digit of b(-2)?
9
Let a be 2 - 25/12 - 424694/408. Let c = 1457 + a. What is the units digit of c?
6
Suppose 7*g = 73019 - 209155. What is the tens digit of 2/6 - g/66?
9
Let k = -56 - 133. What is the tens digit of k/(-36)*320/6?
8
Let d(q) = 109*q**3 - 20*q**2 + 8*q - 9. Let f(o) = 54*o**3 - 11*o**2 + 4*o - 5. Let t(i) = 4*d(i) - 7*f(i). What is the tens digit of t(1)?
5
Suppose 5 = 4*p - 7, q = -2*p + 22. Let u(r) = r**2 - 8*r + 23. What is the tens digit of u(q)?
5
Let o(i) = 6*i**2 + i - 127. Let j be (-1 - (-10)/14) + (-288)/(-28). What is the hundreds digit of o(j)?
4
Let v(j) = j**3 - 3*j**2 + j + 3. Let t be v(3). Let o be (4/(-5))/(t/(-45)). Suppose 75 = -b + o*b. What is the units digit of b?
5
Let j(l) = -l**2 - 27*l - 160. Let v be j(-18). Suppose 5*u + a - 4527 = 0, -3*a - a = -v*u + 1824. What is the hundreds digit of u?
9
Let a be ((-10)/(200/(-105)))/(3/(-8)). Let p = a + 45. Let q = 91 - p. What is the units digit of q?
0
Let r = 1679 - -5327. What is the tens digit of r?
0
Let y(a) be the first derivative of a**2/2 - 6*a + 1. Let d be y(5). What is the units digit of 3*d*(-2 + -37)?
7
Suppose -8*n = -4*n - 3108. Suppose -n = -3*t + 75. What is the units digit of t?
4
Suppose 5*s = 2*a + 58137, -13*a - 58129 = -5*s - 9*a. What is the units digit of s?
9
Suppose -5*v = 4*j + 5, -11*j = -4*v - 9*j + 22. Suppose -v*h = h + 5*t - 1491, 2*h - 763 = t. What is the units digit of h?
9
Suppose 112 = -y - 15*y. What is the tens digit of (-1738)/(-3) + y/21?
7
Suppose 13*f - 8702 = -28371. Let r = f + 2223. What is the hundreds digit of r?
7
Suppose -794619 = -206*y + 185*y. What is the tens digit of y?
3
Suppose 0 = 26*v - 12*v - 91000. What is the hundreds digit of v?
5
Suppose 110 = -15*c - 85. Let z = c + 382. What is the hundreds digit of z?
3
Let q(j) = j**2 - 5*j - 4. Let t be q(6). Let u(p) = 4*p**2 - 3*p + 5. Let z be u(t). Suppose 5*o = b + z, 37 - 13 = 4*b + o. What is the units digit of b?
5
Suppose 0 = 5*j + 5*q - 755, -j + 286 = j - 2*q. Suppose 2*u + 194 = -5*c - 2*u, 5*u - j = 4*c. Let g = c + 45. What is the units digit of g?
7
Let a(x) = 24*x**3 + 9*x**2 + 52*x - 66. What is the ten thousands digit of a(10)?
2
Let s = 181 - 178. Suppose 5*d = -4*n + 1243, -1538 = -5*n + 2*d - s*d. What is the units digit of n?
7
Let p = 23102 - 10027. What is the ten thousands digit of p?
1
Let x = 60618 - 42303. What is the ten thousands digit of x?
1
Suppose -j - 5943 = -12*a + 9*a, -5*a + 9905 = j. Suppose 7*f - a = 938. What is the tens digit of f?
1
Let h(d) = d**2 + 2*d + 5. Let f be h(0). Suppose f*y - 151 = 99. Let w = y - 12. What is the tens digit of w?
3
Suppose 2*n - 18082 = -2*g, 0 = -n + 23*g - 25*g + 9044. What is the thousands digit of n?
9
Let l(u) be the third derivative of 5*u**5/2 - u**4/12 + u**2 + 33*u. What is the tens digit of l(-1)?
5
Let u(j) = -3057*j - 4628. What is the tens digit of u(-27)?
1
Let h = 793 + 170. Let a = -387 + h. What is the tens digit of a?
7
What is the tens digit of -5 + (-63)/(-18) + 2 - (-17490)/4?
7
Let l(x) be the third derivative of 3*x**5/5 - x**4/24 - 7*x**3/6 - 3*x**2 + 8. What is the hundreds digit of l(-3)?
3
What is the hundreds digit of 4910/(-2)*(157 + -160)?
3
Suppose -832 = -5*i + 168. Suppose 110 = a - i. What is the hundreds digit of a?
3
Suppose -2*j = -4*v + 32, 0*v + v + j - 14 = 0. Suppose 23*l - 18*l = v. Suppose -346 = -2*h - l*c - 50, -6 = -2*c. What is the hundreds digit of h?
1
Let t be 56/21*(-30)/(-2). Let l(r) = -3*r - 13 + 20*r**3 + 15 + r**2 + t*r**3. What is the tens digit of l(1)?
6
Let v(o) = 72*o + 34. Let d be v(16). Let n = -519 + d. What is the tens digit of n?
6
What is the tens digit of (-2)/(-5) - (-59825)/625*5?
7
Suppose 5*o + 4*t - 13 = 0, -4*o - o = -4*t + 3. Suppose o + 3 = 2*v. Let y(j) = 4*j**3 - 2*j**2 - j - 1. What is the units digit of y(v)?
1
Suppose -4*n + o = -8828, -2*o + o = 3*n - 6614. Let a = n - 1566. What is the hundreds digit of a?
6
Let h = 70 + -71. What is the units digit of 168/((-6)/h + -4)?
4
Suppose -159598 = -20*r - 33*r + 411212. What is the tens digit of r?
7
Suppose -23*k + 73 = 4. Suppose -d - 10 = -3*v + v, 2*v = 2*d + 14. Suppose -3*o - o = -k*